11001010
In base 9, what is 0 - -1540608?
1540608
In base 11, what is -21 + -4404aa?
-440520
In base 16, what is -5 - -381697?
381692
In base 3, what is -110120200210000 - 11?
-110120200210011
In base 12, what is -14334 - -629?
-13907
In base 14, what is 733b - -561?
789c
In base 13, what is 0 + 282cb?
282cb
In base 7, what is -1663653044 + 5?
-1663653036
In base 12, what is 5b283a + -12?
5b2828
In base 14, what is 3576 - -bc?
3654
In base 10, what is 4 - 13594124?
-13594120
In base 10, what is 5554420 + -44?
5554376
In base 7, what is 325064 + 0?
325064
In base 4, what is -22 + -133011210023?
-133011210111
In base 13, what is -3b535 - 63?
-3b598
In base 8, what is -3 + -702743430?
-702743433
In base 11, what is 0 - -228737608?
228737608
In base 13, what is 85caa83 - 3?
85caa80
In base 2, what is -101011000011111010011011100 + 11?
-101011000011111010011011001
In base 11, what is -36414920 - -4?
-36414917
In base 12, what is 1373 - 6a2?
891
In base 6, what is -3 - -311304115?
311304112
In base 15, what is -1c5d0 + -515?
-1cae5
In base 9, what is -7802 - -635?
-7156
In base 2, what is 10011 - -1000011001111000010011?
1000011001111000100110
In base 5, what is -201144334 - -104?
-201144230
In base 7, what is -101 + -2104160?
-2104261
In base 2, what is -11011101110110111100110 - -111000?
-11011101110110110101110
In base 16, what is bf33 - -b3?
bfe6
In base 2, what is -10110101010101110 - -10000000?
-10110101000101110
In base 12, what is -a6 - -26520?
26436
In base 5, what is -101321 + -144024?
-300400
In base 15, what is -378 + 4ca6?
492d
In base 5, what is 33004402220 - -10?
33004402230
In base 3, what is 221220 + -1110200102000?
-1110122110010
In base 9, what is 12548 + -6258?
5280
In base 16, what is -5 + -6d89e?
-6d8a3
In base 14, what is 53 + 17082?
170d5
In base 3, what is -20102121122121 + 20?
-20102121122101
In base 15, what is -77e - -e7ad1?
e7352
In base 11, what is 6 + -3329701?
-33296a6
In base 13, what is 1 + c8ba982?
c8ba983
In base 11, what is -8a5 + 22486?
21691
In base 11, what is 2247344 - -2?
2247346
In base 10, what is 3954993 + -1?
3954992
In base 12, what is -766388 - 130?
-7664b8
In base 10, what is -1398826 + 180?
-1398646
In base 10, what is -47100 + -3416?
-50516
In base 11, what is -4a13633 + -2?
-4a13635
In base 8, what is 4 - 37376331?
-37376325
In base 3, what is -20100122112221122 - -12?
-20100122112221110
In base 11, what is 64959136 - -5?
64959140
In base 12, what is -113120a - b?
-1131219
In base 9, what is 1551753387 - 0?
1551753387
In base 6, what is -3 + 2202354250?
2202354243
In base 5, what is -233434124 - 2?
-233434131
In base 7, what is -2062626 - -521?
-2062105
In base 11, what is -5a0a - -1378?
-4642
In base 6, what is 1521245 - -1?
1521250
In base 8, what is 5 + 540627374?
540627401
In base 4, what is 10301110031 - 23103?
10301020322
In base 5, what is 1311322 + 112102?
1423424
In base 11, what is -8 + -2945149?
-2945156
In base 2, what is 10111010 - -101001100110?
101100100000
In base 6, what is -40315 + -35231?
-115550
In base 16, what is 20317e - -1a?
203198
In base 15, what is -4c8 - -3264?
2c8b
In base 15, what is a12ee55 - -3?
a12ee58
In base 6, what is 2155035434 - 3?
2155035431
In base 7, what is -3 + -1605640455?
-1605640461
In base 5, what is -2121 - 144211?
-201332
In base 16, what is -100777 + -f9?
-100870
In base 6, what is 120035110 + 2?
120035112
In base 14, what is -925 + -34815?
-3533a
In base 7, what is 0 - -236600544?
236600544
In base 9, what is 815845 + -4?
815841
In base 2, what is 1101011011111001010010 + 0?
1101011011111001010010
In base 15, what is -16867a + -1?
-16867b
In base 11, what is -3 + 36aa95a9?
36aa95a6
In base 14, what is -36cb85c9 + -4?
-36cb85cd
In base 10, what is -4034396 + -36?
-4034432
In base 15, what is -8 + 542d8?
542d0
In base 15, what is -17e8 + 6209?
4911
In base 12, what is 2 - 1326aa24?
-1326aa22
In base 7, what is -1406111 + 120?
-1405661
In base 10, what is 24219635 - -37?
24219672
In base 11, what is -147 - -55102?
54a66
In base 12, what is -139 - -361138?
360bbb
In base 14, what is 11b2175 + 12?
11b2187
In base 4, what is -30313013232211 + -1?
-30313013232212
In base 15, what is 2b91e + -44d?
2b4c1
In base 12, what is -2a8b - 12827?
-156b6
In base 4, what is -2031 + 3103122?
3101031
In base 3, what is 1022200 - -2110220102?
2112020002
In base 12, what is 2b62 + -355?
2809
In base 4, what is -100331202220220 + 11?
-100331202220203
In base 2, what is 1001 - -11001010011110111?
11001010100000000
In base 14, what is 21b4 - -3b4?
2588
In base 16, what is 25ca91 - -3?
25ca94
In base 13, what is a112b4b - -1?
a112b4c
In base 9, what is -17368 - 1301?
-18670
In base 13, what is 4ba5cb + -14?
4ba5b7
In base 7, what is 6221323 - -160?
6221513
In base 16, what is -10 - 2bd6cd?
-2bd6dd
In base 6, what is -15053304440 - 4?
-15053304444
In base 3, what is 1101221220100 - -121110?
1101222111210
In base 16, what is -e1d1 + c?
-e1c5
In base 15, what is 2 + b2cbea?
b2cbec
In base 16, what is 172 + 45a8e?
45c00
In base 11, what is -86391a - 33?
-863952
In base 6, what is -1555252142 - -104?
-1555252034
In base 7, what is 606 - 3465402?
-3464463
In base 12, what is 1339a07b - 3?
1339a078
In base 2, what is -1100001011110000101 - 1010010110?
-1100001101000011011
In base 11, what is 2026605 - 24?
2026591
In base 10, what is -1 + -1344752?
-1344753
In base 7, what is 60461552 - -3?
60461555
In base 3, what is -2 + -211122012111010?
-211122012111012
In base 3, what is 0 + 10211120102012?
10211120102012
In base 9, what is 1047142460 + -1?
1047142458
In base 3, what is -11120202112100101100 - 1?
-11120202112100101101
In base 16, what is 45d22 - 125?
45bfd
In base 12, what is -635916 - 42?
-635958
In base 5, what is 1212223 + 3101?
1220324
In base 9, what is 1151 + -45506?
-44345
In base 10, what is 1255153 - -18?
1255171
In base 9, what is 3 - 21042383?
-21042380
In base 13, what is -1684b9500 - 3?
-1684b9503
In base 15, what is -29e + 65956?
656a7
In base 11, what is -12016 + -8?
-12023
In base 16, what is e812 - -1b9?
e9cb
In base 10, what is -1 + 1918994?
1918993
In base 13, what is 23 + -b32?
-b0c
In base 8, what is -4 - -35336503?
35336477
In base 6, what is -33 - -50303412?
50303335
In base 2, what is -11110111110110101010010001 + -1000?
-11110111110110101010011001
In base 12, what is -4 - -653767?
653763
In base 13, what is -28634 + 115?
-2851c
In base 12, what is -b155 - 6?
-b15b
In base 7, what is 5 - 6656323430?
-6656323422
In base 15, what is 37cce + -2b?
37ca3
In base 13, what is a8c7b7 - 9?
a8c7ab
In base 10, what is -41 + 1050799?
1050758
In base 15, what is -618308b + 21?
-618306a
In base 14, what is -8 + -8204007?
-8204011
In base 12, what is 1634 + a28?
2460
In base 4, what is 22220013 + -212?
22213201
In base 14, what is 30 + -7ac1dc?
-7ac1ac
In base 6, what is 1 + 153514223?
153514224
In base 9, what is 8771 - -1555?
11436
In base 14, what is 1cda - -33217?
35113
In base 9, what is -43338 - -47?
-43281
In base 7, what is 1102401 + -206?
1102162
In base 2, what is -100011011101110 - 11011000?
-100011111000110
In base 10, what is 173280 + -26?
173254
In base 8, what is -21 + -2204774?
-2205015
In base 5, what is 10313143 + -2013?
10311130
In base 6, what is 3005415 - 322?
3005053
In base 14, what is -81d27 - -1b91?
-80176
In base 9, what is 60441421 - 2?
60441418
In base 9, what is 14275 - -38617?
54003
In base 9, what is 43865701 - -4?
43865705
In base 8, what is -376 + 50516?
50120
In base 4, what is -1131 - -13022301100?
13022233303
In base 6, what is 101453 - 24435?
33014
In base 9, what is 52 + -2602712?
-2602650
In base 16, what is 716e + -4b85?
25e9
In base 6, what is 2432150142 + -2?
2432150140
In base 9, what is 0 - 34307682?
-34307682
In base 14, what is 396 + -106d?
-ab7
In base 3, what is 12 - 2221002010110?
-2221002010021
In base 5, what is -214 - 104212240?
-104213004
In base 8, what is 5 - -10031723?
10031730
In base 6, what is 10 + 4054222014?
4054222024
In base 6, what is 34235254401 - 5?
34235254352
In base 10, what is -2 + 4744670?
4744668
In base 9, what is 165 - -7868812?
7870077
In base 16, what is -4d87 - -5865?
ade
In base 12, what is -4 + 5238249?
5238245
In base 15, what is -1e222b4 + -25?
-1e222d9
In base 9, what is 1751330102 +